94 = 3*z, 4*u - u - 5*z - 610 = 0. Let g be 20/(-3)*(-2 + -1). Calculate the greatest common divisor of g and u.
20
Let c be (-32)/(-20)*(-10)/(-4). Let q be ((-6)/c)/(1/(-36)). What is the greatest common factor of q and 18?
18
Suppose -2*r = -3*a + 71, 4*r - 21 = -2*a + 5. What is the highest common divisor of 84 and a?
21
Suppose 4*q = -5*w + 320, 4*q + 18 = -2. Calculate the greatest common factor of w and 17.
17
Let b be (-2)/((-2)/1) + 12. Suppose d = -4*q - 3 + 21, -d = 3*q - b. Let a be (2/6)/((-2)/(-6)). What is the highest common factor of a and q?
1
Suppose 112 = 13*m + 3*m. Calculate the highest common factor of m and 1.
1
Let q(h) = 5*h. Let w be q(1). Suppose w*o = 2*r + 186, 9 = o - 4*r - 39. Suppose 3*u = 6*u - 270. What is the greatest common divisor of o and u?
18
Let p = -675 - -437. Let s = -86 - p. Let n = -43 + 62. Calculate the greatest common divisor of n and s.
19
Let i = 38 + -14. What is the highest common factor of i and 3?
3
Let c(g) = -5*g**2 - 10*g - 6. Let z be c(-6). Let p = z - -203. What is the greatest common factor of 7 and p?
7
Let x be ((-15)/(30/8))/(1/(-2)). What is the greatest common factor of x and 72?
8
Let p = -30 - -50. Let w(n) = 49*n + 1. Let c be w(1). Calculate the greatest common factor of c and p.
10
Suppose 5*v + 2*h = 59, 2*h - 10 = -v + h. What is the greatest common factor of 13 and v?
13
Let r be (-8)/4 - 0/1. Let b be (21/(-2) - -3)*r. Let v = b + -9. Calculate the greatest common divisor of v and 3.
3
Suppose -4 + 0 = -2*i. Suppose -i*c + 2 + 0 = 0. Let f be c + -3 + 12 + 0. What is the greatest common divisor of 10 and f?
10
Let d(u) = -u**2 + 18*u + 5. Let a be d(13). Suppose l = -2*l + 198. Let j = l - 38. What is the greatest common divisor of j and a?
14
Suppose -17*h + 9*h = -312. What is the highest common factor of 26 and h?
13
Let v = 19 - -6. Suppose -g - 3*t + 1 = -1, 2*g = -5*t + 6. Let f = -3 + g. Calculate the highest common factor of f and v.
5
Let v be (-1)/(-4) - 47/(-4). Let n(y) = -17*y**3 + y**2 - 1. Let c be n(-2). Suppose 389 + c = 4*i. What is the highest common factor of v and i?
12
Suppose 0 = 4*i - 3*q - 45, -5*q = 6*i - 9*i + 20. Calculate the greatest common divisor of i and 135.
15
Let y(g) = -g**3 - g**2 + 7*g + 5. Let j be y(-6). Calculate the greatest common factor of 13 and j.
13
Suppose -42 = -5*n + 3*i - 0*i, -3*n + 30 = -3*i. Suppose 3*c = -n, 0*b + 2*b + 2*c = 28. Calculate the greatest common factor of b and 112.
16
Let r be (9 - -2)*(2 - 1). Suppose r + 1 = 3*c. Let s be (-3)/12 - (-33)/c. What is the greatest common divisor of s and 32?
8
Suppose -6*o = -3*o. Suppose o = 3*b - 155 + 20. Calculate the greatest common divisor of b and 15.
15
Let f(g) = -2*g + 23. Let u be f(-8). Calculate the highest common divisor of 312 and u.
39
Let q(j) = j**2 + j - 3. Let r be q(-4). Let w = 8 - 2. Calculate the highest common factor of w and r.
3
Suppose -y = 4*y - 50. Suppose -5*k + y = -5, -24 = -r + 3*k. Calculate the greatest common divisor of r and 22.
11
Let y = -113 + 125. Calculate the greatest common factor of y and 180.
12
Let m(v) = v**3 - 9*v**2 + 5*v - 8. Let x be m(7). Let p = x - -115. Calculate the highest common factor of 4 and p.
4
Let r(d) = d - 7. Let l(k) = k - 7. Let x(w) = 3*l(w) - 2*r(w). Let h be x(9). Suppose -h*a - 12 + 68 = 0. Calculate the highest common factor of 42 and a.
14
Let h be 1*(-1 + 19) + 1. Suppose -5643 = 10*r - 37*r. Calculate the highest common factor of r and h.
19
Let a be ((-110)/(-77))/((-3)/(-42)). Calculate the greatest common factor of 160 and a.
20
Suppose 2*s - 4 = 6. What is the highest common divisor of 55 and s?
5
Suppose k + 3*l - 14 = 0, -l = -2*k + 6*k - 12. Let j(s) = 3*s**2 + 2*s + 3*s**k + 1 - 2*s**2. Let h be j(-5). Calculate the greatest common factor of 13 and h.
13
Let k be (-2)/(-6) + (-176)/24. Let j be (13 + -2)*(-6 - k). What is the greatest common divisor of j and 66?
11
Let l be (8/(-2))/(4/(-30)). Let z = 46 - l. Let b be (5 + -1)*(2 - 1). What is the greatest common divisor of b and z?
4
Suppose 0 = 4*h - 9*h - 80. Let l = -8 - h. Let m(d) = d**3 - 6*d**2 + 14*d + 4. Let q be m(6). Calculate the greatest common factor of l and q.
8
Let p = 53 - 24. Let m = -14 + p. Let z = m + -9. Calculate the greatest common factor of z and 4.
2
Let h = 99 + -36. What is the highest common factor of h and 7?
7
Let x(f) = -f**3 + 6*f**2 + 2*f - 8. Let z be x(6). What is the highest common divisor of z and 32?
4
Suppose -4 = -5*r + 3*r. Suppose 23 + 5 = r*c. Suppose 4*t - 536 + 32 = 0. What is the greatest common factor of c and t?
14
Suppose 4*d = -4*u + 16, -4*d = 3*u - 2*d - 9. Calculate the greatest common divisor of u and 8.
1
Suppose 5*m + 4*d = 75, 3*m - 2*d + d = 45. Let h be (-3)/((-3)/(-210)*-2). Calculate the greatest common factor of m and h.
15
Let u = 40 - 1. Calculate the greatest common factor of 13 and u.
13
Suppose k + 133 = 5*g, k - 56 = -g - g. Suppose 3*w - 216 + g = 0. Calculate the highest common factor of w and 7.
7
Let w(v) = 2*v**2 - 5*v + 3. Let s be w(4). What is the highest common factor of s and 6?
3
Let v = 13 - -8. Let l(b) = -4*b. Let d be l(3). Let a be -2 + (0 + -3 - d). Calculate the greatest common divisor of v and a.
7
Let a(v) = v**3 - 8*v**2 - 10*v + 11. Let i be a(9). Suppose 2*n - 2*r = 458, 0 = 2*n - 2*r - i*r - 454. Calculate the highest common factor of n and 21.
21
Let o = -24 + 58. Suppose 2*d - s + 3*s - o = 0, 2*s - 6 = 0. Calculate the highest common divisor of d and 14.
14
Suppose -7*s + 2*s - c + 6 = 0, 0 = -3*c - 12. Suppose v - 45 = -s*f, f + v = 3*f - 55. Calculate the highest common divisor of f and 25.
25
Let b = -1 - -5. Suppose -b*n - 20 = 0, -47 + 9 = -y + 5*n. What is the greatest common divisor of y and 13?
13
Let f = 17 - -11. Calculate the highest common factor of f and 42.
14
Let s(m) = m + 15. Let d be s(-17). Let h = d + 7. Calculate the greatest common divisor of h and 10.
5
Let a = 16 - -6. Suppose 2*q = a + 18. What is the highest common factor of q and 30?
10
Suppose -g = -n + 3*g + 142, -g + 3 = 0. Calculate the highest common factor of 14 and n.
14
Let m = -40 - -84. Let h = 10 - 14. Let v be 2*((-14)/h - -2). Calculate the highest common divisor of v and m.
11
Let u(z) = -4*z + 6. Let h be u(-3). Let c = 1 - 1. Suppose -3*p + c*p + h = 0. Calculate the greatest common factor of p and 66.
6
Let o = -126 + 562. Suppose 84 - o = -4*y. Suppose -86 = -2*f + 2*a, -2*f + 2 + y = -3*a. What is the highest common factor of 13 and f?
13
Suppose 19*s = 15*s + 28. Let k be 2/s - 1690/(-14). What is the highest common factor of 11 and k?
11
Let d = 160 + -89. Suppose -4*g - 4*s - s + 151 = 0, d = 2*g + s. Calculate the highest common divisor of 17 and g.
17
Let x = -25 + 27. Calculate the highest common factor of 26 and x.
2
Suppose r - 3*z + 3 = 0, -7 = -5*r - 3*z - 4. Suppose t + 3*t - 16 = r. Calculate the greatest common divisor of t and 28.
4
Let f = 5 + -8. Let x be (-44)/(-3) + (-1)/f. Let a be (-37)/(-3) - 5/x. Calculate the greatest common factor of 6 and a.
6
Suppose -3 = -l + 2. Let n be -28*(15/(-6))/l. Calculate the greatest common factor of 35 and n.
7
Suppose -j = -7 + 4. Let u be (-1*6)/(j/(-10)). What is the highest common factor of 30 and u?
10
Let k = -39 - -48. What is the highest common factor of 1 and k?
1
Let s(l) = -37*l**3 + 2*l + 1. Let t be s(-1). Calculate the highest common divisor of t and 54.
18
Let h = 21 - 16. Calculate the highest common divisor of 5 and h.
5
Suppose 2*w = 3*x - 298, 0 = -x - 5*w - 8 + 96. What is the highest common divisor of 14 and x?
14
Let f(p) = 7*p**3 - 5*p**2 + 5*p - 5. Let h be f(3). Calculate the highest common factor of 14 and h.
14
Let n = 91 + -59. Calculate the greatest common factor of n and 4.
4
Let w(v) = 2*v**2 + 1. Suppose -2*y = 2 - 4. Let o be w(y). Suppose 4*a = o*a + 2. Calculate the highest common divisor of a and 10.
2
Let h = -16 - -31. Let y = -11 + h. Calculate the highest common factor of 28 and y.
4
Suppose x = -3*x + 44. Suppose 495 = 5*i + 110. What is the highest common divisor of i and x?
11
Let o(b) = 4*b - 2. Let l be o(1). What is the greatest common divisor of l and 4?
2
Suppose 0 + 4 = -4*h - 4*m, 4*h + 28 = 4*m. Let x be (-6)/(-24) - 71/h. What is t